{"id":36,"date":"2014-12-17T19:00:00","date_gmt":"2014-12-17T18:00:00","guid":{"rendered":"http:\/\/dromgodis.se\/godisarenan\/?page_id=36"},"modified":"2026-04-17T08:35:04","modified_gmt":"2026-04-17T06:35:04","slug":"oppettider","status":"publish","type":"page","link":"http:\/\/godisarenan.se\/?page_id=36","title":{"rendered":"\u00d6ppettider"},"content":{"rendered":"<p>Ordinarie \u00f6ppettider<br \/>M\u00e5ndag &#8211; Fredag 8 &#8211; 22<br \/>L\u00f6rdag &#8211; S\u00f6ndag 10 &#8211; 22<\/p>\n<p>\u00d6ppet till 22 alla dagar p\u00e5 \u00e5ret, f\u00f6rutom Julafton, Ny\u00e5rsafton och Midsommarafton.<\/p>\n\n\n<p><\/p>\n","protected":false},"excerpt":{"rendered":"<p>Ordinarie \u00f6ppettiderM\u00e5ndag &#8211; Fredag 8 &#8211; 22L\u00f6rdag &#8211; S\u00f6ndag 10 &#8211; 22 \u00d6ppet till 22 alla dagar p\u00e5 \u00e5ret, f\u00f6rutom Julafton, Ny\u00e5rsafton och Midsommarafton.<\/p>\n","protected":false},"author":1,"featured_media":0,"parent":0,"menu_order":0,"comment_status":"closed","ping_status":"open","template":"","meta":{"footnotes":""},"class_list":["post-36","page","type-page","status-publish","hentry"],"_links":{"self":[{"href":"http:\/\/godisarenan.se\/index.php?rest_route=\/wp\/v2\/pages\/36","targetHints":{"allow":["GET"]}}],"collection":[{"href":"http:\/\/godisarenan.se\/index.php?rest_route=\/wp\/v2\/pages"}],"about":[{"href":"http:\/\/godisarenan.se\/index.php?rest_route=\/wp\/v2\/types\/page"}],"author":[{"embeddable":true,"href":"http:\/\/godisarenan.se\/index.php?rest_route=\/wp\/v2\/users\/1"}],"replies":[{"embeddable":true,"href":"http:\/\/godisarenan.se\/index.php?rest_route=%2Fwp%2Fv2%2Fcomments&post=36"}],"version-history":[{"count":56,"href":"http:\/\/godisarenan.se\/index.php?rest_route=\/wp\/v2\/pages\/36\/revisions"}],"predecessor-version":[{"id":988,"href":"http:\/\/godisarenan.se\/index.php?rest_route=\/wp\/v2\/pages\/36\/revisions\/988"}],"wp:attachment":[{"href":"http:\/\/godisarenan.se\/index.php?rest_route=%2Fwp%2Fv2%2Fmedia&parent=36"}],"curies":[{"name":"wp","href":"https:\/\/api.w.org\/{rel}","templated":true}]}}